{"id":5,"date":"2018-12-12T07:45:41","date_gmt":"2018-12-12T07:45:41","guid":{"rendered":"http:\/\/193.167.110.131\/?page_id=5"},"modified":"2023-04-14T10:04:53","modified_gmt":"2023-04-14T08:04:53","slug":"saatio","status":"publish","type":"page","link":"http:\/\/www.tiedejakorkeakoulusaatio.fi\/","title":{"rendered":"S\u00e4\u00e4ti\u00f6"},"content":{"rendered":"<h2 style=\"text-align: left;\"><strong><span style=\"color: #333333;\">S\u00e4\u00e4ti\u00f6mme edist\u00e4\u00e4 ja tukee tutkimustoimintaa, korkeakouluopetusta ja yritt\u00e4jyytt\u00e4 Keski-Pohjanmaalla<\/span><\/strong><\/h2>\n<p>Hankimme lahjoitusvaroja yrityksilt\u00e4 ja yhteis\u00f6ilt\u00e4 alueen professuurien, tutkimushankkeiden ja apurahojen rahoittamiseksi.<\/p>\n<p>Keski-Pohjanmaan tiede- ja korkeakoulus\u00e4\u00e4ti\u00f6 toimii<a href=\"https:\/\/www.chydenius.fi\"><strong> Kokkolan yliopistokeskus Chydeniuksen<\/strong><\/a> tuki- ja lahjoitusorganisaationa.\u00a0 S\u00e4\u00e4ti\u00f6 on rahoittanut <strong>kemian, tietotekniikan ja liiketaloustieteen professuureja<\/strong> vuodesta 2007 alkaen, joiden rahoitukseen tarvittavat varat on ker\u00e4tty yrityksilt\u00e4 ja julkisyhteis\u00f6ilt\u00e4. Varainhankinnasta on vastannut yliopistokeskus yhteisty\u00f6ss\u00e4 s\u00e4\u00e4ti\u00f6n kanssa.<\/p>\n<p>S\u00e4\u00e4ti\u00f6n tuella on k\u00e4ynnistetty edell\u00e4 mainittujen alojen menestyksellinen tutkimus- ja koulutustoiminta yliopistokeskuksessa.<\/p>\n<p>S\u00e4\u00e4ti\u00f6n tukitoiminta on aiemmin toteutettu p\u00e4\u00e4s\u00e4\u00e4nt\u00f6isesti 5-vuotisilla rahoitussopimuksilla alueen yritysten ja julkisyhteis\u00f6jen kanssa. Jatkossa tukitoiminta pyrit\u00e4\u00e4n rahoittamaan ensisijaisesti s\u00e4\u00e4ti\u00f6n p\u00e4\u00e4omien tuotoilla. Siirtym\u00e4vaiheen aikana tarvitaan my\u00f6s yritysten s\u00e4\u00e4ti\u00f6lle tehtyj\u00e4 suoria lahjoituksia tai vuosittaisia tukisopimuksia.<\/p>\n<h3><strong>Kokkolan yliopistokeskus Chydenius<\/strong><\/h3>\n<p>Kokkolan yliopistokeskus Chydenius on monitieteinen, <a href=\"https:\/\/www.jyu.fi\">Jyv\u00e4skyl\u00e4n<\/a>, <a href=\"https:\/\/www.oulu.fi\/fi\">Oulun<\/a> ja<br \/>\n<a href=\"https:\/\/www.uwasa.fi\/fi\">Vaasan<\/a> yliopistojen muodostama yliopistokeskus, jonka toimintaa koordinoi Jyv\u00e4skyl\u00e4n yliopisto.<\/p>\n<div id=\"content-core\">\n<div id=\"parent-fieldname-text-9a790560-578e-4f5b-874f-eb4932fc2b45\" class=\"\"><\/div>\n<div id=\"parent-fieldname-text-9a790560-578e-4f5b-874f-eb4932fc2b45\" class=\"\"><\/div>\n<\/div>\n","protected":false},"excerpt":{"rendered":"<p>S\u00e4\u00e4ti\u00f6mme edist\u00e4\u00e4 ja tukee tutkimustoimintaa, korkeakouluopetusta ja yritt\u00e4jyytt\u00e4 Keski-Pohjanmaalla Hankimme lahjoitusvaroja yrityksilt\u00e4 ja yhteis\u00f6ilt\u00e4 alueen professuurien, tutkimushankkeiden ja apurahojen rahoittamiseksi. Keski-Pohjanmaan tiede- ja korkeakoulus\u00e4\u00e4ti\u00f6 toimii Kokkolan yliopistokeskus Chydeniuksen tuki- ja lahjoitusorganisaationa.\u00a0 S\u00e4\u00e4ti\u00f6 on rahoittanut kemian, tietotekniikan ja liiketaloustieteen professuureja vuodesta 2007 alkaen, joiden rahoitukseen tarvittavat varat on ker\u00e4tty yrityksilt\u00e4 ja julkisyhteis\u00f6ilt\u00e4. Varainhankinnasta on vastannut yliopistokeskus [&hellip;]<\/p>\n","protected":false},"author":1,"featured_media":0,"parent":0,"menu_order":0,"comment_status":"closed","ping_status":"closed","template":"full-width-page-template.php","meta":{"footnotes":""},"class_list":["post-5","page","type-page","status-publish","hentry"],"_links":{"self":[{"href":"http:\/\/www.tiedejakorkeakoulusaatio.fi\/index.php\/wp-json\/wp\/v2\/pages\/5","targetHints":{"allow":["GET"]}}],"collection":[{"href":"http:\/\/www.tiedejakorkeakoulusaatio.fi\/index.php\/wp-json\/wp\/v2\/pages"}],"about":[{"href":"http:\/\/www.tiedejakorkeakoulusaatio.fi\/index.php\/wp-json\/wp\/v2\/types\/page"}],"author":[{"embeddable":true,"href":"http:\/\/www.tiedejakorkeakoulusaatio.fi\/index.php\/wp-json\/wp\/v2\/users\/1"}],"replies":[{"embeddable":true,"href":"http:\/\/www.tiedejakorkeakoulusaatio.fi\/index.php\/wp-json\/wp\/v2\/comments?post=5"}],"version-history":[{"count":18,"href":"http:\/\/www.tiedejakorkeakoulusaatio.fi\/index.php\/wp-json\/wp\/v2\/pages\/5\/revisions"}],"predecessor-version":[{"id":132,"href":"http:\/\/www.tiedejakorkeakoulusaatio.fi\/index.php\/wp-json\/wp\/v2\/pages\/5\/revisions\/132"}],"wp:attachment":[{"href":"http:\/\/www.tiedejakorkeakoulusaatio.fi\/index.php\/wp-json\/wp\/v2\/media?parent=5"}],"curies":[{"name":"wp","href":"https:\/\/api.w.org\/{rel}","templated":true}]}}